967, 2621
List the prime factors of 622239480.
2, 3, 5, 97, 103, 173
What are the prime factors of 34710232?
2, 317, 13687
What are the prime factors of 34718629?
11, 3156239
List the prime factors of 1130510743.
23, 61, 131, 6151
What are the prime factors of 80584892?
2, 20146223
What are the prime factors of 8599415804?
2, 7, 107, 1433, 2003
What are the prime factors of 5868174518?
2, 947, 3098297
What are the prime factors of 1771980859?
11, 161089169
What are the prime factors of 1278072738?
2, 3, 593, 119737
List the prime factors of 96447692.
2, 11, 2191993
What are the prime factors of 28609210?
2, 5, 7, 408703
List the prime factors of 321309934.
2, 11, 593, 2239
List the prime factors of 575605697.
43, 13386179
What are the prime factors of 111916238?
2, 7, 7994017
What are the prime factors of 1742443?
1742443
What are the prime factors of 6060372115?
5, 7, 619, 279731
List the prime factors of 626770871.
379, 1653749
List the prime factors of 89281844.
2, 22320461
What are the prime factors of 3392827408?
2, 41, 5171993
List the prime factors of 540608008.
2, 23, 31, 94777
List the prime factors of 132865046.
2, 733, 90631
What are the prime factors of 7444766?
2, 7, 75967
What are the prime factors of 228705000?
2, 3, 5, 79, 193
What are the prime factors of 260963755?
5, 13, 4014827
List the prime factors of 53881543.
139, 439, 883
List the prime factors of 120683174.
2, 19, 1439, 2207
List the prime factors of 177527862.
2, 3, 1095851
List the prime factors of 11563164.
2, 3, 321199
List the prime factors of 38541570.
2, 3, 5, 103, 12473
List the prime factors of 5859985997.
15661, 374177
What are the prime factors of 18754044?
2, 3, 1051, 1487
List the prime factors of 2897414684.
2, 947, 764893
What are the prime factors of 406389400?
2, 5, 857, 2371
What are the prime factors of 4295276618?
2, 523, 4106383
What are the prime factors of 262831441?
17, 15460673
List the prime factors of 131653176.
2, 3, 367, 14947
List the prime factors of 74708305.
5, 7, 401, 5323
List the prime factors of 2390556878.
2, 31, 43, 223, 4021
What are the prime factors of 2793960319?
17, 2371, 69317
What are the prime factors of 122128398?
2, 3, 7, 35899
List the prime factors of 624594488.
2, 7, 1301, 8573
What are the prime factors of 262068704?
2, 173, 47339
List the prime factors of 3039269512.
2, 31, 127, 96497
List the prime factors of 27071544.
2, 3, 1127981
List the prime factors of 3516944005.
5, 9319, 75479
What are the prime factors of 78191101?
37, 2113273
List the prime factors of 222880425.
3, 5, 379, 7841
List the prime factors of 1916565054.
2, 3, 71, 4498979
What are the prime factors of 913773255?
3, 5, 103, 127, 4657
What are the prime factors of 2231887977?
3, 11, 89, 253307
List the prime factors of 62609001.
3, 7, 13, 79, 2903
What are the prime factors of 4780133126?
2, 19, 348457
List the prime factors of 146961339.
3, 7, 47, 89, 239
List the prime factors of 61579610.
2, 5, 17, 362233
What are the prime factors of 135898482?
2, 3, 31, 730637
List the prime factors of 5254478771.
103, 51014357
What are the prime factors of 157254403?
17, 37, 250007
What are the prime factors of 146248214?
2, 7, 23, 71, 6397
What are the prime factors of 334206284?
2, 23, 47, 77291
List the prime factors of 353865234.
2, 3, 17, 19, 182593
What are the prime factors of 1164190175?
5, 17, 2739271
What are the prime factors of 38230468?
2, 29, 67, 4919
What are the prime factors of 1641860352?
2, 3, 11, 64783
List the prime factors of 374183797.
13, 28783369
List the prime factors of 68569400.
2, 5, 342847
List the prime factors of 177781175.
5, 11, 13, 223
List the prime factors of 24306450.
2, 3, 5, 7, 3307
List the prime factors of 48032653.
48032653
What are the prime factors of 3154263077?
7, 450609011
What are the prime factors of 83748838?
2, 41874419
List the prime factors of 1073680224.
2, 3, 29, 385661
What are the prime factors of 17092910?
2, 5, 23, 74317
What are the prime factors of 183750795?
3, 5, 23, 31, 83
List the prime factors of 108557203.
19, 5713537
What are the prime factors of 887755294?
2, 443877647
List the prime factors of 31120153.
31120153
List the prime factors of 27045603.
3, 13, 29, 2657
List the prime factors of 49593313.
7, 11, 23, 41, 683
List the prime factors of 1624726316.
2, 3881, 104659
What are the prime factors of 280178732?
2, 23, 3045421
What are the prime factors of 263674677?
3, 7, 1087, 11551
List the prime factors of 8776315542.
2, 3, 1462719257
What are the prime factors of 247067740?
2, 5, 373, 33119
What are the prime factors of 49786863?
3, 7, 17, 139459
List the prime factors of 110394377.
110394377
List the prime factors of 358638159.
3, 11, 1061, 10243
List the prime factors of 102529395.
3, 5, 253159
What are the prime factors of 1004528960?
2, 5, 31, 131, 773
What are the prime factors of 3340918025?
5, 3361, 39761
What are the prime factors of 100961022?
2, 3, 19, 885623
List the prime factors of 398109721.
398109721
What are the prime factors of 3261706445?
5, 17, 38373017
List the prime factors of 2778025495.
5, 7, 677, 117241
List the prime factors of 797403069.
3, 2333, 12659
List the prime factors of 1492486625.
5, 7, 53, 32183
What are the prime factors of 3971772158?
2, 23, 6131, 14083
What are the prime factors of 411092489?
859, 478571
List the prime factors of 141037696.
2, 233, 4729
What are the prime factors of 397564959?
3, 11, 23, 523801
What are the prime factors of 10421177?
13, 19, 31, 1361
What are the prime factors of 170993707?
23, 101, 73609
List the prime factors of 41894358.
2, 3, 11, 17, 37339
List the prime factors of 11558078.
2, 7, 825577
What are the prime factors of 650944117?
71, 1997, 4591
What are the prime factors of 18500304?
2, 3, 31, 12433
List the prime factors of 33676106.
2, 31, 543163
What are the prime factors of 58955807?
58955807
List the prime factors of 3384428980.
2, 5, 169221449
What are the prime factors of 540438600?
2, 3, 5, 13, 193, 359
What are the prime factors of 425993523?
3, 941, 150901
List the prime factors of 2996296353.
3, 233, 158761
What are the prime factors of 154841886?
2, 3, 239, 35993
List the prime factors of 4085253486.
2, 3, 173, 1311899
List the prime factors of 132726711.
3, 13, 83, 131, 313
List the prime factors of 798167049.
3, 41, 6489163
List the prime factors of 4051850482.
2, 17, 119172073
What are the prime factors of 59591599?
373, 159763
What are the prime factors of 1466390689?
223, 733, 8971
What are the prime factors of 86293076?
2, 21573269
List the prime factors of 1614238460.
2, 5, 80711923
What are the prime factors of 67262409?
3, 1867, 4003
What are the prime factors of 708033969?
3, 17, 4627673
List the prime factors of 2602479203.
59, 2137, 20641
What are the prime factors of 2319684?
2, 3, 17, 83, 137
List the prime factors of 231285436.
2, 139, 503, 827
List the prime factors of 1570527452.
2, 13, 167, 223, 811
What are the prime factors of 19240535?
5, 23, 167309
List the prime factors of 53618591.
13, 4124507
List the prime factors of 821246780.
2, 5, 3709, 11071
What are the prime factors of 304686971?
17, 37, 149, 3251
What are the prime factors of 212572923?
3, 23, 557, 5531
What are the prime factors of 626730613?
89, 601, 11717
What are the prime factors of 847753417?
7, 61, 317, 6263
What are the prime factors of 4954540345?
5, 990908069
What are the prime factors of 18262955?
5, 3652591
List the prime factors of 401261075.
5, 16050443
What are the prime factors of 217844293?
23, 9471491
What are the prime factors of 178703980?
2, 5, 7, 13, 83
What are the prime factors of 271916166?
2, 3, 23, 1970407
What are the prime factors of 4550740502?
2, 7, 11, 19, 47, 33091
What are the prime factors of 70371868?
2, 7, 2513281
What are the prime factors of 64698724?
2, 19, 23, 37013
List the prime factors of 128424989.
7, 11, 53, 31469
List the prime factors of 2666278649.
2666278649
List the prime factors of 1007584857.
3, 111953873
What are the prime factors of 71925024?
2, 3, 749219
List the prime factors of 82842963.
3, 7, 37, 106619
What are the prime factors of 40851025?
5, 31, 52711
What are the prime factors of 391347?
3, 11, 59, 67
What are the prime factors of 4096744281?
3, 7,